{"id":547,"date":"2023-03-03T11:36:11","date_gmt":"2023-03-03T10:36:11","guid":{"rendered":"http:\/\/befrdaq.cluster030.hosting.ovh.net\/b2e.37@outlook.fr\/?page_id=547"},"modified":"2023-03-10T16:34:17","modified_gmt":"2023-03-10T15:34:17","slug":"elementor-547","status":"publish","type":"page","link":"https:\/\/www.b2e37.fr\/index.php\/elementor-547\/","title":{"rendered":"MON METIER"},"content":{"rendered":"\t\t<div data-elementor-type=\"wp-page\" data-elementor-id=\"547\" class=\"elementor elementor-547\">\n\t\t\t\t\t\t<section class=\"elementor-section elementor-top-section elementor-element elementor-element-22694de elementor-section-boxed elementor-section-height-default elementor-section-height-default\" data-id=\"22694de\" data-element_type=\"section\" data-e-type=\"section\">\n\t\t\t\t\t\t<div class=\"elementor-container elementor-column-gap-default\">\n\t\t\t\t\t<div class=\"elementor-column elementor-col-100 elementor-top-column elementor-element elementor-element-4b0ee4b\" data-id=\"4b0ee4b\" data-element_type=\"column\" data-e-type=\"column\">\n\t\t\t<div class=\"elementor-widget-wrap elementor-element-populated\">\n\t\t\t\t\t\t<div class=\"elementor-element elementor-element-901f155 elementor-drop-cap-yes elementor-drop-cap-view-default elementor-widget elementor-widget-text-editor\" data-id=\"901f155\" data-element_type=\"widget\" data-e-type=\"widget\" data-settings=\"{&quot;drop_cap&quot;:&quot;yes&quot;}\" data-widget_type=\"text-editor.default\">\n\t\t\t\t<div class=\"elementor-widget-container\">\n\t\t\t\t\t\t\t\t\t<p>Mon activit\u00e9 principale est de fournir un ou plusieurs plans d\u2019une construction nouvelle ou existante permettant \u00e0 mon client d\u2019atteindre son objectif\u00a0: R\u00e9aliser des demandes de prix, r\u00e9aliser une demande d&rsquo;autorisation d\u2019urbanisme, r\u00e9aliser un projet d\u2019am\u00e9nagement, etc\u2026<\/p><p>Quelque soit la nature de votre projet, la mise en plan constitue le socle commun dans toutes vos d\u00e9marches. Tous les artisans, tous les maitres d\u2019\u0153uvres, les g\u00e9om\u00e8tres, les services d\u2019urbanisme, savent lire et interpr\u00e9ter des plans. \u00c0 partir d\u2019un m\u00eame document vous pourrez consulter et obtenir des devis, des informations correspondant \u00e0 votre projet.<\/p><p>Les plans permettent de communiquer des caract\u00e9ristiques dimensionnelles et g\u00e9om\u00e9triques \u00e0 votre interlocuteur, que ce soit pour du chiffrage, du conseil ou bien de la r\u00e9alisation. Ils permettent de visualiser et de retranscrire la nature de votre projet.<\/p><p>Selon la nature du projet et l\u2019objectif du client, les plans r\u00e9pondent \u00e0 des crit\u00e8res bien sp\u00e9cifiques. Exemple\u00a0pour un m\u00eame projet : les plans n\u00e9cessaires pour \u00e9tablir un permis de construire ne pr\u00e9sentent pas les m\u00eames besoins que des plans d\u2019am\u00e9nagement int\u00e9rieur, par cons\u00e9quent les plans sont r\u00e9alis\u00e9s uniquement en fonction de l\u2019objectif que l\u2019on souhaite atteindre.<\/p><p>Encore aujourd\u2019hui il est difficile d\u2019investir dans du \u00ab\u00a0papier\u00a0\u00bb quand on parle de projet de construction, de r\u00e9novation ou d\u2019am\u00e9nagement. Cependant il faut bien \u00eatre transparent, tous vos interlocuteurs qui vous proposeront un plan pour la mise en forme de votre projet, auront inclus dans leur prestation cette mise en plan, que ce soit avant, pendant ou apr\u00e8s la r\u00e9alisation de votre projet. Il existe encore quelques travaux sans mise en plans ou sans besoin de communiquer des informations de construction, mais les risques sont clairement identifi\u00e9s pour le client comme pour l\u2019artisan dans une telle situation.<\/p><p>N&rsquo;h\u00e9sitez pas \u00e0 venir me voir, \u00e0 prendre contact avec moi. Mes devis sont enti\u00e8rement gratuits, je vous propose mes services pour la mise en plan de votre projet. Je ne suis pas maitre d\u2019\u0153uvre, ni architecte, je ne vous engage dans aucun travaux, dans aucune prestation de construction. Mon m\u00e9tier consiste \u00e0 vous obtenir des autorisations d\u2019urbanisme (permis de construire, d\u00e9claration pr\u00e9alable de travaux, etc\u2026.) et \u00e0 mettre sur plan votre projet dans le but de pouvoir consulter tous les corps de m\u00e9tier qui vous permettront de finaliser votre projet (maitre d\u2019\u0153uvre, ma\u00e7on, couvreur, \u00e9lectricien, etc\u2026)<\/p><p>GIRARD Patrice<\/p>\t\t\t\t\t\t\t\t<\/div>\n\t\t\t\t<\/div>\n\t\t\t\t\t<\/div>\n\t\t<\/div>\n\t\t\t\t\t<\/div>\n\t\t<\/section>\n\t\t\t\t<section class=\"elementor-section elementor-top-section elementor-element elementor-element-a72cda2 elementor-section-boxed elementor-section-height-default elementor-section-height-default\" data-id=\"a72cda2\" data-element_type=\"section\" data-e-type=\"section\">\n\t\t\t\t\t\t<div class=\"elementor-container elementor-column-gap-default\">\n\t\t\t\t\t<div class=\"elementor-column elementor-col-100 elementor-top-column elementor-element elementor-element-dad687d\" data-id=\"dad687d\" data-element_type=\"column\" data-e-type=\"column\">\n\t\t\t<div class=\"elementor-widget-wrap elementor-element-populated\">\n\t\t\t\t\t\t<div class=\"elementor-element elementor-element-c28942c elementor-widget elementor-widget-image\" data-id=\"c28942c\" data-element_type=\"widget\" data-e-type=\"widget\" data-widget_type=\"image.default\">\n\t\t\t\t<div class=\"elementor-widget-container\">\n\t\t\t\t\t\t\t\t\t\t\t\t\t\t\t<img decoding=\"async\" width=\"150\" height=\"150\" src=\"https:\/\/www.b2e37.fr\/wp-content\/uploads\/2023\/03\/IMG20230310103451-1-150x150.jpg\" class=\"attachment-thumbnail size-thumbnail wp-image-711\" alt=\"\" \/>\t\t\t\t\t\t\t\t\t\t\t\t\t\t\t<\/div>\n\t\t\t\t<\/div>\n\t\t\t\t\t<\/div>\n\t\t<\/div>\n\t\t\t\t\t<\/div>\n\t\t<\/section>\n\t\t\t\t<\/div>\n\t\t","protected":false},"excerpt":{"rendered":"<p>Mon activit\u00e9 principale est de fournir un ou plusieurs plans d\u2019une construction nouvelle ou existante permettant \u00e0 mon client d\u2019atteindre son objectif\u00a0: R\u00e9aliser des demandes de prix, r\u00e9aliser une demande d&rsquo;autorisation d\u2019urbanisme, r\u00e9aliser un projet d\u2019am\u00e9nagement, etc\u2026 Quelque soit la nature de votre projet, la mise en plan constitue le socle commun dans toutes vos [&hellip;]<\/p>\n","protected":false},"author":1,"featured_media":0,"parent":0,"menu_order":0,"comment_status":"closed","ping_status":"closed","template":"","meta":{"_uag_custom_page_level_css":"","footnotes":""},"class_list":["post-547","page","type-page","status-publish","hentry"],"uagb_featured_image_src":{"full":false,"thumbnail":false,"medium":false,"medium_large":false,"large":false,"1536x1536":false,"2048x2048":false},"uagb_author_info":{"display_name":"admin5602","author_link":"https:\/\/www.b2e37.fr\/index.php\/author\/admin5602\/"},"uagb_comment_info":0,"uagb_excerpt":"Mon activit\u00e9 principale est de fournir un ou plusieurs plans d\u2019une construction nouvelle ou existante permettant \u00e0 mon client d\u2019atteindre son objectif\u00a0: R\u00e9aliser des demandes de prix, r\u00e9aliser une demande d&rsquo;autorisation d\u2019urbanisme, r\u00e9aliser un projet d\u2019am\u00e9nagement, etc\u2026 Quelque soit la nature de votre projet, la mise en plan constitue le socle commun dans toutes vos\u2026","_links":{"self":[{"href":"https:\/\/www.b2e37.fr\/index.php\/wp-json\/wp\/v2\/pages\/547","targetHints":{"allow":["GET"]}}],"collection":[{"href":"https:\/\/www.b2e37.fr\/index.php\/wp-json\/wp\/v2\/pages"}],"about":[{"href":"https:\/\/www.b2e37.fr\/index.php\/wp-json\/wp\/v2\/types\/page"}],"author":[{"embeddable":true,"href":"https:\/\/www.b2e37.fr\/index.php\/wp-json\/wp\/v2\/users\/1"}],"replies":[{"embeddable":true,"href":"https:\/\/www.b2e37.fr\/index.php\/wp-json\/wp\/v2\/comments?post=547"}],"version-history":[{"count":33,"href":"https:\/\/www.b2e37.fr\/index.php\/wp-json\/wp\/v2\/pages\/547\/revisions"}],"predecessor-version":[{"id":723,"href":"https:\/\/www.b2e37.fr\/index.php\/wp-json\/wp\/v2\/pages\/547\/revisions\/723"}],"wp:attachment":[{"href":"https:\/\/www.b2e37.fr\/index.php\/wp-json\/wp\/v2\/media?parent=547"}],"curies":[{"name":"wp","href":"https:\/\/api.w.org\/{rel}","templated":true}]}}